e 1129?
False
Does 31 divide 4648?
False
Is 18 a factor of 1620?
True
Is 22 a factor of 2926?
True
Does 30 divide 394?
False
Does 16 divide 4736?
True
Is 2 a factor of 555?
False
Does 59 divide 10738?
True
Does 10 divide 2596?
False
Is 47 a factor of 2840?
False
Does 17 divide 476?
True
Is 54 a factor of 29697?
False
Is 4721 a multiple of 3?
False
Is 5115 a multiple of 31?
True
Is 9588 a multiple of 102?
True
Is 7 a factor of 67?
False
Does 10 divide 12767?
False
Does 8 divide 3136?
True
Is 120 a multiple of 10?
True
Does 16 divide 1014?
False
Is 17 a factor of 2315?
False
Does 48 divide 37632?
True
Does 21 divide 4620?
True
Is 6840 a multiple of 20?
True
Does 12 divide 450?
False
Does 14 divide 1303?
False
Does 43 divide 32637?
True
Is 141102 a multiple of 13?
True
Does 12 divide 1308?
True
Is 78 a factor of 10842?
True
Is 82 a factor of 238?
False
Does 77 divide 5447?
False
Does 19 divide 1026?
True
Is 6 a factor of 1180?
False
Is 11628 a multiple of 106?
False
Is 10 a factor of 2144?
False
Is 27 a factor of 360?
False
Does 10 divide 205?
False
Is 4 a factor of 3371?
False
Does 6 divide 402?
True
Does 15 divide 1239?
False
Is 9 a factor of 50436?
True
Does 4 divide 180?
True
Does 3 divide 114?
True
Is 3 a factor of 1262?
False
Is 77 a factor of 3157?
True
Is 198 a factor of 5854?
False
Is 9321 a multiple of 9?
False
Is 405 a multiple of 9?
True
Is 80 a factor of 3280?
True
Is 1808 a multiple of 4?
True
Is 176 a multiple of 16?
True
Is 8 a factor of 2575?
False
Is 58 a factor of 9338?
True
Does 28 divide 4704?
True
Is 13580 a multiple of 140?
True
Is 1040 a multiple of 20?
True
Is 13650 a multiple of 78?
True
Is 3 a factor of 1131?
True
Is 12207 a multiple of 13?
True
Is 101 a multiple of 2?
False
Is 9876 a multiple of 96?
False
Is 134 a factor of 58285?
False
Is 109800 a multiple of 36?
True
Is 99 a factor of 792?
True
Is 5876 a multiple of 5?
False
Does 9 divide 346?
False
Does 9 divide 6693?
False
Is 35 a factor of 4495?
False
Is 35748 a multiple of 63?
False
Is 67469 a multiple of 19?
True
Does 149 divide 1584?
False
Does 2 divide 1322?
True
Does 47 divide 3666?
True
Does 6 divide 40014?
True
Does 35 divide 3430?
True
Is 79 a factor of 9114?
False
Does 66 divide 35244?
True
Is 10059 a multiple of 383?
False
Is 8625 a multiple of 34?
False
Does 24 divide 79566?
False
Is 40 a factor of 712?
False
Is 39 a factor of 45459?
False
Does 12 divide 3150?
False
Is 4644 a multiple of 27?
True
Is 3 a factor of 1041?
True
Is 575 a multiple of 23?
True
Does 21 divide 18183?
False
Does 54 divide 3186?
True
Is 11 a factor of 39331?
False
Is 304 a multiple of 3?
False
Is 24 a factor of 979?
False
Is 87 a factor of 4002?
True
Does 184 divide 6440?
True
Is 4643 a multiple of 13?
False
Is 52 a factor of 312?
True
Does 45 divide 2655?
True
Is 99 a factor of 3648?
False
Is 74 a multiple of 37?
True
Does 62 divide 905?
False
Is 1034 a multiple of 22?
True
Is 39 a factor of 1669?
False
Does 10 divide 7559?
False
Does 16 divide 928?
True
Does 6 divide 834?
True
Does 122 divide 49044?
True
Does 24 divide 599?
False
Does 145 divide 4930?
True
Is 35 a factor of 2076?
False
Is 108 a factor of 2376?
True
Does 79 divide 2028?
False
Is 197 a factor of 76436?
True
Is 1860 a multiple of 59?
False
Does 19 divide 8835?
True
Does 9 divide 2484?
True
Is 388 a factor of 125324?
True
Is 19 a factor of 4123?
True
Is 41 a factor of 41984?
True
Does 26 divide 1482?
True
Is 2296 a multiple of 12?
False
Does 256 divide 52430?
False
Is 30 a factor of 5222?
False
Is 20 a factor of 8420?
True
Does 55 divide 1100?
True
Is 671 a multiple of 9?
False
Does 83 divide 7968?
True
Is 10 a factor of 2320?
True
Is 128 a factor of 11337?
False
Does 19 divide 95?
True
Is 390 a multiple of 10?
True
Does 12 divide 8834?
False
Is 33 a factor of 1148?
False
Is 6 a factor of 8596?
False
Is 22912 a multiple of 16?
True
Is 7 a factor of 18207?
True
Is 68731 a multiple of 311?
True
Is 61 a factor of 3200?
False
Is 35 a factor of 626?
False
Is 2498 a multiple of 9?
False
Is 48 a factor of 79?
False
Does 194 divide 16684?
True
Is 10 a factor of 2300?
True
Is 637 a multiple of 35?
False
Is 7 a factor of 387?
False
Is 6874 a multiple of 14?
True
Is 32 even?
True
Does 59 divide 7308?
False
Is 476 a multiple of 13?
False
Is 3665 a multiple of 81?
False
Does 68 divide 1768?
True
Is 964 a multiple of 12?
False
Is 4 a factor of 815?
False
Is 126 a multiple of 26?
False
Does 2 divide 94?
True
Is 19 a factor of 95?
True
Does 46 divide 2024?
True
Is 17 a factor of 10488?
False
Is 423 a multiple of 12?
False
Does 2 divide 292?
True
Is 7152 a multiple of 39?
False
Is 13 a factor of 247?
True
Is 2376 a multiple of 12?
True
Is 8 a factor of 2272?
True
Is 4020 a multiple of 20?
True
Does 32 divide 1472?
True
Does 32 divide 1614?
False
Is 151 a multiple of 16?
False
Is 2396 a multiple of 4?
True
Is 1185 a multiple of 79?
True
Is 103768 a multiple of 35?
False
Is 5991 a multiple of 2?
False
Is 52183 a multiple of 78?
False
Is 2884 a multiple of 138?
False
Is 8398 a multiple of 3?
False
Does 6 divide 1910?
False
Is 831 a multiple of 14?
False
Is 11 a factor of 5225?
True
Does 4 divide 236?
True
Is 3 a factor of 5470?
False
Is 23 a factor of 782?
True
Is 1449 a multiple of 39?
False
Does 131 divide 12537?
False
Is 8580 a multiple of 26?
True
Does 13 divide 754?
True
Is 1480 a multiple of 48?
False
Is 27 a factor of 8804?
False
Is 12918 a multiple of 19?
False
Is 53137 a multiple of 17?
False
Does 10 divide 7025?
False
Does 20 divide 11078?
False
Is 2906 a multiple of 46?
False
Does 105 divide 27020?
False
Is 149 even?
False
Is 17157 a multiple of 129?
True
Does 15 divide 5460?
True
Does 16 divide 832?
True
Does 74 divide 5889?
False
Does 3 divide 460?
False
Does 44 divide 23615?
False
Does 12 divide 145068?
True
Does 64 divide 39565?
False
Is 11 a factor of 19494?
False
Does 9 divide 3575?
False
Does 245 divide 76195?
True
Is 34 a factor of 1211?
False
Is 41 a multiple of 9?
False
Does 21 divide 33750?
False
Is 29 a factor of 56550?
True
Is 4481 a multiple of 88?
False
Is 87 even?
False
Is 20 a factor of 266?
False
Is 885 a multiple of 41?
False
Does 14 divide 1148?
True
Is 84 a multiple of 7?
True
Does 17 divide 3961?
True
Does 8 divide 103?
False
Does 16 divide 12165?
False
Is 10040 a multiple of 5?
True
Does 14 divide 36?
False
Does 5 divide 104?
False
Is 61 a factor of 503?
False
Is 11 a factor of 869?
True
Does 9 divide 1056?
False
Is 904 a multiple of 3?
False
Is 37 a factor of 532?
False
Is 54 a multiple of 6?
True
Does 120 divide 31581?
False
Does 29 divide 6032?
True
Is 103019 a multiple of 173?
False
Does 5 divide 376?
False
Does 31 divide 361?
False
Is 24 a factor of 5928?
True
Is 11982 a multiple of 13?
False
Does 12 divide 127764?
True
Is 2053 a multiple of 3?
False
Does 4 divide 284?
True
Is 1573 a multiple of 13?
True
Is 7724 a multiple of 3?
False
Is 74 a factor of 20233?
False
Does 46 divide 460?
True
Does 13 divide 8209?
False
Is 19 a factor of 4161?
True
Does 76 divide 6536?
True
Is 505 a multiple of 218?
False
Is 31 a factor of 11191?
True
Is 17 a factor of 68?
True
Does 27 divide 1118?
False
Is 15203 a multiple of 63?
False
Does 87 divide 1395?
False
Does 13 divide 74?
False
Is 1467 a multiple of 9?
True
Does 76 divide 532?
True
Is 44278 a multiple of 34?
False
Is 43845 a multiple of 3?
True
Does 6 divide 6412?
False
Is 771 a multiple of 8?
False
Does 85 divide 2380?
True
Is 252 a multiple of 21?
True
Does 13 divide 10205?
True
Is 30 a factor of 570?
True
Is 57472 a multiple of 77?
False
Is 11 a factor of 105?
False
Is 26 a factor of 832?
True
Is 73680 a multiple of 15?
True
Is 5194 a multiple of 14?
True
Is 49 a multiple of 6?
False
Is 12 a factor of 2232?
True
Does 27 divide 1026?
True
Is 14150 a multiple of 18?
False
Is 26 a factor of 54120?
False
Does 57 divide 2736?
True
Does 16 divide 33?
False
Does 10 divide 5677?
False
Does 12 divide 5964?
True
Is 69 a factor of 1491?
False
Is 13582 a multiple of 26?
False
Is 3751 a multiple of 22?
False
Is 17 a factor of 38678?
False
Does 11 divide 24101?
True
Is 49 a factor of 196?
True
Is 19 a factor of 1539?
True
Does 14 divide 154?
True
Is 12685 a multiple of 5?
True
Does 7 divide 805?
True
Does 8 divide 706?
False
Does 18 divide 54?
True
Is 4959 a multi